 the prime factors of w.
2, 3
Suppose -60 = -2*c + 8. List the prime factors of c.
2, 17
Suppose 15 + 41 = 2*n. What are the prime factors of n?
2, 7
Let t = 47 + -80. What are the prime factors of 5 + 4/(-2) - t?
2, 3
What are the prime factors of -3 + (-2)/((-6)/105)?
2
Suppose -5*w - 20 = 10. Suppose -3*g = 2*x - 30, 2*x + 4*g - 45 = -x. Let j = x + w. List the prime factors of j.
3
Let g = -6 - -4. Let p be g/(-6) - 2805/(-9). List the prime factors of 4/(-10) - p/(-30).
2, 5
Let r = -7 - -10. Suppose 1 = i - r. List the prime factors of i.
2
Let j(s) = s**3 - s**2 - 2*s + 2. Let y be j(2). Let q(a) = 3*a**3 + a + a**3 - 6*a**3 + y*a**2. List the prime factors of q(-1).
3
Let r(d) = -d**2 + 34*d - 24. What are the prime factors of r(19)?
3, 29
Let l(h) = h**2 - 3*h - 7. Let v be -1 + -1 + (9 - 2). What are the prime factors of l(v)?
3
Suppose g + 16 = 3*g. Let u = g + -11. List the prime factors of 5 + (u + 1 - -2).
5
Suppose 124 = 5*v + i, -2*v + 3*i = 10 - 46. Let r = 1 + 13. Let f = v - r. List the prime factors of f.
2, 5
Let m = -1 + 3. Let u be (0*(-1)/3)/m. Suppose c + c - 20 = u. List the prime factors of c.
2, 5
Suppose 3*m + 5 = -2*p - 6, 35 = 5*p - 5*m. Suppose -4*u + 5*y = -8 - 3, 4*u - p*y - 14 = 0. What are the prime factors of ((-10)/(-4))/(u/16)?
2, 5
Let v = 88 + -50. What are the prime factors of v?
2, 19
Let t be (0 - 2) + 2*1. Suppose 0 = -3*v - t*v + 51. List the prime factors of v.
17
Let m be -2 - 0/(0 + 2). Let a(r) = -4*r + 2 - r + 4*r + 2*r**2 + 3*r. List the prime factors of a(m).
2, 3
Suppose -4*d = 5*h - 0*h - 162, 0 = -h - 2. Suppose -d - 41 = 4*q + 5*m, 2*m = 0. List the prime factors of 7/14 + q/(-2).
11
Let h = -1 - 93. Let z = -54 - h. Suppose 5*q - q - z = 0. What are the prime factors of q?
2, 5
Let v = -401 + 600. List the prime factors of v.
199
Let n = -48 - -75. What are the prime factors of n?
3
Suppose 3*k = -h - 11, -5 - 7 = 2*h + 4*k. Suppose -h*x = -5*x + 14. List the prime factors of x.
2, 7
Let w(m) be the second derivative of 2*m**3/3 - 6*m**2 + 5*m. What are the prime factors of w(5)?
2
Suppose 3*j - 18 = j. List the prime factors of j.
3
Let m(b) be the first derivative of b**2/2 - 7*b + 3. Let g be m(7). Suppose 10 + g = 5*w. List the prime factors of w.
2
Let l be (1 + -1)/(-1*1). Suppose 2*i = -6*n + n + 44, 2*n + 5*i - 5 = 0. Suppose 5*r - n = 0, z = -l*z - 5*r + 23. List the prime factors of z.
13
Let g = 5 + -4. Suppose 2*p = -17 - g. Let h = 29 + p. What are the prime factors of h?
2, 5
Suppose 149 = -4*a - 2*k + 521, -5*a - 2*k + 466 = 0. What are the prime factors of a?
2, 47
Suppose 0*o - 3*o = 0. Suppose 0*z + z + 5*c + 6 = o, -5*z + 100 = -c. What are the prime factors of z?
19
Suppose 4*y - m = 3*m - 16, -10 = 2*y - 3*m. Let n be (2 + -3)*(-7 - y). Suppose n*v + 0*v - d - 8 = 0, 3*v + 3*d - 12 = 0. List the prime factors of v.
2
Let x(o) = -o**3 + o**2 - o + 3. Let u be x(0). Let w = u + 7. Suppose 0*f + f = w. What are the prime factors of f?
2, 5
Let u = -1 + 1. Suppose 0 = 2*t - u*t - 6. What are the prime factors of t?
3
Let g(w) = w**2 - w - 7. What are the prime factors of g(6)?
23
Let j(y) = 34*y - 3. List the prime factors of j(2).
5, 13
Let n = -2 + 8. List the prime factors of 2*n*3/2.
2, 3
Let n = -3 - -6. Suppose n*d - 2*r = 7*d - 100, d = -3*r + 20. List the prime factors of d.
2, 13
Let r = 3 + -3. Let s(f) = -f + r*f**3 + f**3 - 7*f**2 + 0*f**3 + 9. List the prime factors of s(7).
2
Suppose -5*y + 5*s + 70 = 0, 3*y = s - 3*s + 32. List the prime factors of y.
2, 3
What are the prime factors of 418/((0/1 - -1) + 1)?
11, 19
Suppose 5*l = -5*g + 30, l - 3*g = 6*l - 32. List the prime factors of l.
7
Suppose -5*q - h + 0 + 5 = 0, 0 = -2*q - 5*h - 21. Suppose -l - 4*i - 3 = -1, q*l = 3*i - 15. Let z = -4 - l. List the prime factors of z.
2
Suppose -q + 8 = 5*y - 2, 0 = -4*q + y + 40. What are the prime factors of q?
2, 5
Suppose 0*n + n - p = 108, 570 = 5*n + p. What are the prime factors of n?
113
Suppose 9*q = 7*q + 68. What are the prime factors of q?
2, 17
Let s(i) = -i**2 - 10*i + 7. Let n be s(-10). Suppose k + n = 32. Suppose 0 = 4*w - k - 19. List the prime factors of w.
11
Let s be 6/2*8/12. Suppose s*x - 3*j = -0 - 3, -3*x - 5*j + 24 = 0. Let l(h) = 2*h - 2. What are the prime factors of l(x)?
2
Suppose 160 = 5*f - 30. What are the prime factors of f?
2, 19
What are the prime factors of -48*(-1 - 0/(1 + -2))?
2, 3
Let h = -1 - -9. What are the prime factors of h?
2
List the prime factors of 2*-2 - (-4752)/18.
2, 5, 13
Suppose 0*a + a = 5*q + 20, 5*a - 20 = 5*q. Suppose v = -a*v + 11. List the prime factors of v.
11
Let w(y) = -y**2 + 4*y + 4. Let o be w(4). Suppose 3*t = -4*a - 2*t + 36, o*t = -16. What are the prime factors of a?
2, 7
Let p(s) = 3*s + 8. Let r be p(-8). Let b = -8 - r. Suppose b + 2 = 2*i. List the prime factors of i.
5
Suppose 2*t + 5*o = 24, 5 + 3 = 2*o. Suppose -20 = -t*c + 32. What are the prime factors of c?
2, 13
Let z = 5 - 0. Suppose -z*a + 39 = -61. List the prime factors of a.
2, 5
Suppose -s - 5*w + 152 = 2*s, -68 = -2*s + 5*w. List the prime factors of s.
2, 11
Suppose 0 = 2*q - 7*q. Let s(r) = 1 + 0*r + 2*r - r + q*r. List the prime factors of s(8).
3
Let f be 0 - (30/(-3))/(-2). Let t be (-5)/(f/(-2)) + 2. Let s = 7 - t. What are the prime factors of s?
7
Let n(s) = 6*s**2 - 5*s + 2. List the prime factors of n(5).
127
Let y(j) = 3*j**2 - 5 + j**3 + 9*j + 9*j**2 + 13. What are the prime factors of y(-11)?
2, 3, 5
Suppose 4*l = 3*j - 95, 5*j = 4*j + 2*l + 35. Suppose 3*h + 0*h = 0. Suppose -6*c + c + j = h. What are the prime factors of c?
5
Suppose 0 = -2*h + h + 3*m + 66, -185 = -3*h - 4*m. List the prime factors of h.
3, 7
Let g(a) = a**3 - 6*a**2 + 5*a + 5. List the prime factors of g(6).
5, 7
What are the prime factors of 2*((-6)/(-15) + 622/20)?
3, 7
Let t be (-20)/6*27/(-15). Let h = t - -4. What are the prime factors of h?
2, 5
Let h be 0 + 36 + -3 + 3. Suppose -3*n = -b + 6*b - 25, 20 = -5*b. What are the prime factors of h/n*10/4?
2, 3
What are the prime factors of (-4 - -1)/3*-34?
2, 17
Let i(k) = k**2 + 2*k + 2. Let x be i(-2). Suppose -x = -h - h. Let u = h - -8. What are the prime factors of u?
3
List the prime factors of ((-9)/4)/(12/(-240)).
3, 5
Let f = -29 + -6. Let u = f - -58. List the prime factors of u.
23
Suppose 2*u = -2*u - 3*v + 888, 0 = u - 2*v - 222. What are the prime factors of u?
2, 3, 37
Let m be (-2 - (-6)/4)*0. Let h = m - -2. List the prime factors of -8*(0 - 1/h).
2
Suppose 2*j - 61 = 351. What are the prime factors of j?
2, 103
Suppose m + 9 = 4*m. Suppose -m*p - 15 = -69. Let i = p - 11. What are the prime factors of i?
7
List the prime factors of ((-37)/(-4))/((-2)/(-24)).
3, 37
Let n be (-1*30)/((-6)/4). List the prime factors of n/(-10) + 25 + 1.
2, 3
Suppose 2*t = -2*c - 0*t + 10, -4*t = 3*c - 18. Suppose u - 59 = -2*i - c*i, -5*u + i + 274 = 0. List the prime factors of u.
5, 11
Suppose -5*v + 5 = -5*u, -v + 3*u + 5 = v. Let g(s) = 9*s**2 + s - 3. What are the prime factors of g(v)?
31
Let t(f) = -f**2 + 25*f + 17. What are the prime factors of t(15)?
167
What are the prime factors of -38*(-2 + (-6)/(-4))?
19
Let f = 0 + 1. Let u be f*(-3 + -1) - 0. Let p = u - -15. What are the prime factors of p?
11
Let p be (-4)/(-18) + 2395/(-45). Let t = 106 + p. What are the prime factors of t?
53
Let f(k) = k**2 + 9*k + 2. Let g(y) = -y**2 - 9*y - 1. Let w(c) = 4*f(c) + 5*g(c). List the prime factors of w(-7).
17
Let j be (-22)/(-8) + (-1)/(-4). Let x(g) = -g**3 + 2*g**2 + 5*g - 4. What are the prime factors of x(j)?
2
Suppose h + 349 = 4*r, -h - 3*h = 3*r - 276. Suppose r = 2*j + 2*j. List the prime factors of j.
2, 11
Let t(l) = l**3 + 5*l**2 + 2*l + 1. Suppose -2*m + 0*m + 4 = 0. Suppose m*i = -2*k, i = -k - k - 3. What are the prime factors of t(k)?
13
Let h = -5 - -12. Suppose -v + 1 = -h. Let j = v - -6. What are the prime factors of j?
2, 7
Let h = 31 + -13. Let n be ((-2)/(-3))/((-2)/(-6)). Suppose n*m + m - 4*z - h = 0, 4*m - 4*z = 20. What are the prime factors of m?
2
Let d(s) = s**2 + 2*s - 3. Let a be d(-4). Suppose -2*v + 4*v = 10. Suppose v*z = a*t - 7 + 42, 0 = z - 3*t - 7. List the prime factors of z.
7
Let u(a) = 34*a - 2. What are the prime factors of u(1)?
2
Let o(d) = d